12) to base 6
-14240
Convert -34206 (base 11) to base 7.
-264205
Convert -33012 (base 5) to base 12.
-1381
1412 (base 6) to base 10
368
Convert 10212123 (base 4) to base 3.
221211220
What is -104301 (base 5) in base 13?
-18b9
11121 (base 4) to base 8
531
252 (base 6) to base 13
80
Convert 64156 (base 8) to base 6.
323434
-1010010100010 (base 2) to base 5
-132112
What is 3073 (base 8) in base 5?
22340
What is 17830 (base 10) in base 11?
1243a
What is 100022002 (base 3) in base 14?
2683
Convert 455 (base 8) to base 14.
177
What is 305 (base 9) in base 3?
100012
Convert 752 (base 15) to base 2.
11001110100
Convert -8348 (base 10) to base 2.
-10000010011100
What is -1216 (base 12) in base 14?
-a54
What is 521401 (base 6) in base 9?
63341
-36345 (base 8) to base 9
-23341
Convert 321500 (base 6) to base 14.
983a
-102101 (base 3) to base 7
-616
What is 20d (base 16) in base 7?
1350
What is 12344 (base 9) in base 15?
26d7
What is -18c (base 14) in base 13?
-1b8
-1412014 (base 5) to base 7
-150401
Convert 3654 (base 14) to base 6.
111522
What is -b270 (base 14) in base 2?
-111011111010010
Convert 2242 (base 8) to base 6.
5254
Convert -1021 (base 5) to base 12.
-b4
What is 211202 (base 4) in base 6?
15042
Convert 221 (base 14) to base 5.
3141
-30524 (base 6) to base 2
-111111110100
Convert -120000 (base 3) to base 10.
-405
Convert -33012 (base 4) to base 12.
-686
Convert -7473 (base 8) to base 11.
-2a25
-407 (base 8) to base 14
-14b
What is -1000011010000 (base 2) in base 9?
-5812
Convert -326 (base 8) to base 4.
-3112
6407 (base 10) to base 9
8708
Convert -33672 (base 8) to base 2.
-11011110111010
1111120002 (base 3) to base 16
737f
What is 2b67 (base 15) in base 13?
4321
Convert 43204 (base 6) to base 3.
22002211
What is 979 (base 13) in base 5?
22441
-1315032 (base 6) to base 10
-72380
What is 2613 (base 7) in base 2?
1111011110
Convert -1001010100 (base 2) to base 5.
-4341
Convert -300 (base 5) to base 14.
-55
Convert -14025 (base 6) to base 13.
-cb6
-101100010001 (base 2) to base 16
-b11
Convert 41754 (base 8) to base 15.
5243
What is 1121222 (base 3) in base 10?
1187
Convert -1010201110 (base 3) to base 6.
-251403
Convert 453352 (base 6) to base 2.
1001010111100100
What is 243533 (base 7) in base 2?
1010110111100100
What is 1100000101011 (base 2) in base 11?
4715
Convert 11001302 (base 4) to base 7.
114020
-2b0 (base 13) to base 4
-13201
1110111111011101 (base 2) to base 8
167735
What is -542432 (base 6) in base 12?
-21a18
Convert 12454 (base 7) to base 9.
4501
Convert 444053 (base 7) to base 3.
10222022212
304033 (base 5) to base 8
23245
What is 100201221 (base 4) in base 16?
10869
10010100101101 (base 2) to base 13
4441
4365 (base 12) to base 10
7421
Convert -10646 (base 10) to base 8.
-24626
What is 24 (base 16) in base 9?
40
What is 2010231 (base 5) in base 2?
111110011000101
-10002 (base 4) to base 10
-258
213 (base 8) to base 14
9d
-111101001 (base 2) to base 9
-603
Convert -3bb6 (base 13) to base 7.
-34033
What is 11100101111100 (base 2) in base 8?
34574
Convert 430052 (base 6) to base 13.
12c32
What is 3f (base 16) in base 4?
333
Convert 20b (base 14) to base 16.
193
c7d1 (base 15) to base 3
2010222121
-d32 (base 16) to base 8
-6462
Convert 756 (base 10) to base 5.
11011
What is 1007 (base 8) in base 12?
373
Convert 5b9 (base 13) to base 16.
3e5
9816 (base 10) to base 9
14416
Convert -76d (base 15) to base 13.
-9c1
What is -4492 (base 11) in base 10?
-5909
-1302 (base 6) to base 11
-277
-451 (base 13) to base 11
-615
-3403 (base 5) to base 11
-3a5
What is 135266 (base 7) in base 5?
1311441
-296 (base 10) to base 14
-172
What is -7060 (base 8) in base 6?
-24452
Convert -2562 (base 7) to base 15.
-450
What is -3847 (base 12) in base 8?
-14367
-670 (base 13) to base 5
-13410
7514 (base 11) to base 10
9937
Convert 1021 (base 4) to base 12.
61
What is -112db (base 14) in base 16?
-a311
What is -152324 (base 6) in base 13?
-6985
Convert -39a (base 12) to base 13.
-334
22012211 (base 3) to base 4
1131211
Convert 5786 (base 9) to base 10.
4290
-1502 (base 6) to base 4
-12032
What is c93 (base 14) in base 3?
10101220
What is -222032 (base 4) in base 15?
-c02
-303321 (base 6) to base 3
-1020001111
Convert 15265 (base 7) to base 2.
1000010100101
What is -1211 (base 5) in base 9?
-221
What is 199 (base 16) in base 7?
1123
Convert 1200011 (base 3) to base 7.
3361
212111 (base 3) to base 5
10014
222 (base 16) to base 2
1000100010
-a27 (base 15) to base 12
-13a7
-175545 (base 8) to base 15
-14107
What is 91 (base 14) in base 5?
1002
Convert -13001 (base 4) to base 11.
-379
266 (base 9) to base 7
435
6771 (base 10) to base 13
310b
What is -12512 (base 6) in base 12?
-1138
-3d01 (base 15) to base 16
-32fb
Convert -8a7 (base 11) to base 16.
-43d
What is -2001202 (base 3) in base 2?
-10111100001
-1302 (base 9) to base 13
-59c
What is -1100001100 (base 2) in base 6?
-3340
-114706 (base 8) to base 4
-21213012
What is -676 (base 10) in base 6?
-3044
82 (base 16) to base 6
334
Convert -1530 (base 9) to base 6.
-5213
Convert -4896 (base 12) to base 11.
-6165
200022010 (base 3) to base 14
4c0d
Convert -545 (base 8) to base 7.
-1020
What is 2a2 (base 13) in base 7?
1241
-c5f (base 16) to base 3
-11100022
What is -32 (base 16) in base 14?
-38
What is -21422 (base 5) in base 3?
-2001002
Convert 12010111 (base 3) to base 14.
1511
What is -134 (base 11) in base 7?
-314
Convert -440 (base 10) to base 11.
-370
Convert 2021042 (base 5) to base 7.
164116
Convert -111110010 (base 2) to base 5.
-3443
What is -2b6 (base 13) in base 12?
-347
Convert 3224123 (base 5) to base 13.
1bcc1
What is -4243 (base 8) in base 6?
-14123
What is -9651 (base 10) in base 3?
-111020110
12511 (base 6) to base 13
b44
1563 (base 10) to base 13
933
What is -1421015 (base 6) in base 7?
-453632
What is 112132 (base 5) in base 4?
333022
-1021313 (base 5) to base 16
-42bb
-2574 (base 8) to base 13
-840
Convert 1212 (base 10) to base 8.
2274
110020 (base 4) to base 15
5ad
Convert 2341 (base 5) to base 15.
181
4224 (base 5) to base 16
234
3206 (base 9) to base 5
33410
Convert 2041 (base 7) to base 10.
715
Convert 6580 (base 11) to base 7.
34206
What is -1605 (base 7) in base 10?
-642
What is 19a7 (base 11) in base 12?
1575
Convert 15040 (base 6) to base 2.
100101100000
1630 (base 7) to base 5
10113
What is 2121201 (base 4) in base 14?
381b
What is b30b (base 16) in base 8?
131413
Convert -116545 (base 7) to base 3.
-1002112221
What is -261 (base 12) in base 8?
-551
What is ab8 (base 14) in base 6?
13454
-51045 (base 7) to base 8
-30135
What is -432 (base 8) in base 16?
-11a
What is -264 (base 9) in base 15?
-ea
What is 62 (base 11) in base 7?
125
What is 11101101101110 (base 2) in base 9?
22774
Convert -8834 (base 13) to base 7.
-106211
232 (base 7) to base 9
144
-844 (base 9) to base 15
-30d
What is 200121 (base 3) in base 5?
4002
What is -18d4 (base 15) in base 11?
-4046
What is -67137 (base 8) in base 10?
-28255
What is 110100011111 (base 2) in base 12?
1b3b
Convert 122320 (base 4) to base 15.
79a
Convert -24401 (base 9) to base 3.
-211110001
What is 10440 (base 5) in base 3?
1000121
-629 (base 12) to base 3
-1020020
Convert -1034335 (base 6) to base 2.
-1100100101010011
Convert -305 (base 9) to base 15.
-118
e38 (base 16) to base 15
112a
551 (base 10) to base 16
227
-39794 (base 10) to base 14
-10706
Convert -16144 (base 12) to base 3.
-1120221021
What is -2040 (base 5) in base 12?
-1a6
What is 1000010110100 (base 2) in base 14?
17b6
1010011001100 (base 2) to base 14
1d24
Convert 1212 (base 5) to base 4.
2312
Convert 3402 (base 5) to base 6.
2113
What is -23213032 (base 4) in base 13?
-1885c
Convert 8395 (base 16) to base 14.
c3c1
Convert 110100011010111 (base 2) to base 3.
1100211001
-133 (base 15) to base 11
-229
Convert 4783 (base 12) to base 2.
1111101010011
Convert 20001 (base 4) to base 9.
630
27a5 (base 15) to base 16
2120
Convert 4928 (base 13) to base 8.
24147
What is -11001000000001 (base 2) in base 9?
-18503
Convert -30 (base 7) to base 12.
-19
-32da (base 15) to base 9
-15707
Convert -721 (base 11) to base 3.
-1012020
-4285 (base 11) to base 16
-161b
Convert 11141 (base 5) to base 4.
30130
-10552 (base 6) to base 16
-5e4
Convert -780a (base 16) to base 15.
-918a
9d05 (base 14) to ba